alculate k(-9).
-63
Let j(y) = 2*y**3 - 15*y**2 - 4*y + 21. Determine j(7).
-56
Let r(x) = 3*x - 35. What is r(-13)?
-74
Let y(b) = -b**3 - 7*b**2 - 6*b - 1. Determine y(-6).
-1
Let d(i) = i**3 + 5*i**2 - 15*i + 8. Give d(-7).
15
Let d(c) = c**3 + 2*c**2 + 3*c - 1. What is d(-4)?
-45
Let w(u) = u**3 - 4*u**2 - 6*u - 2. Give w(5).
-7
Let w(y) = -y**3 - 36*y**2 + 115*y - 92. Determine w(-39).
-14
Let r(a) = -5*a - 88. What is r(-15)?
-13
Let q(r) = -4*r**2 - 109*r - 32. Give q(-27).
-5
Let x(q) = -q**2 - 20*q - 24. Determine x(-19).
-5
Let k(t) = -t**2 - 23*t + 42. What is k(-25)?
-8
Let a(x) = -x**3 - 5*x**2 + 6*x - 5. Give a(-6).
-5
Let j(g) = -g**2 + 20*g - 12. What is j(20)?
-12
Let x(d) = 7*d**3 - d**2 - 2*d - 1. Determine x(-1).
-7
Let j(i) = 57*i. What is j(1)?
57
Let t(r) = -4*r**2 + r + 1. Give t(3).
-32
Let u(b) = -b**3 + 5*b**2 - 4*b + 8. Determine u(4).
8
Let j(c) = 10*c**2 - 202*c + 41. Give j(20).
1
Let q(s) = -11*s + 340. Give q(31).
-1
Let q(g) = -g**2 + 7*g + 2. Give q(4).
14
Let u(k) = 7*k + 13. Calculate u(-6).
-29
Let l(u) = u**2 + 2*u - 1. Give l(1).
2
Let b(w) = -w**3 - 21*w**2 + 5*w + 87. Calculate b(-21).
-18
Let o(a) = a**2 - 5*a + 2. Calculate o(7).
16
Let o(j) = -2*j**3 + 6*j**2 + 5*j - 3. Determine o(-3).
90
Let r(v) = -v - 12. Give r(-8).
-4
Let p(w) = -w**2 + 8*w - 8. What is p(6)?
4
Let z(f) = -f**2 + 26*f + 162. What is z(31)?
7
Let g(y) = y - 4. Determine g(18).
14
Let y(c) = -c**3 - 8*c**2 - 10*c - 17. Give y(-7).
4
Let n(m) = m**2 + 16*m - 12. Calculate n(-17).
5
Let r(a) = a**2 + 10*a - 101. What is r(-16)?
-5
Let u(h) = h**3 + 5*h**2 - 3*h + 6. Determine u(-5).
21
Let u(g) = g**3 + 2*g**2 - g + 47. Determine u(0).
47
Let z(l) = l**3 - 6*l**2 + 2*l + 7. Calculate z(5).
-8
Let h(l) = -3*l**3 - 3*l**2 + l + 2. Calculate h(-3).
53
Let q(k) = -2*k - 12. What is q(-6)?
0
Let z(t) = -t**2 - 6*t - 16. What is z(-5)?
-11
Let o(b) = b**3 - 4*b**2 + 2*b - 1. Give o(3).
-4
Let k(a) = -a**3 + 24*a**2 + a - 24. Determine k(24).
0
Let j(u) = -5*u + 43. What is j(6)?
13
Let t(l) = l**2 - 9*l + 7. Calculate t(7).
-7
Let l(a) = 13*a**2 - 13*a + 1. What is l(-2)?
79
Let f(a) = -a**2 + 16*a - 16. Give f(14).
12
Let y(h) = h**2 + 16*h - 1. Calculate y(-11).
-56
Let z(f) = -f**3 - 13*f**2 - 7*f + 33. Calculate z(-12).
-27
Let i(w) = -w**2 - 3*w - 82. Give i(0).
-82
Let o(i) = -i**3 + 22*i**2 + i - 13. Determine o(22).
9
Let h(l) = l**3 - 4*l**2 - l - 11. Determine h(5).
9
Let c(v) = v**3 - 5*v**2 - 7*v + 8. Calculate c(6).
2
Let q(c) = c**2 - 12*c + 11. Give q(4).
-21
Let x(z) = 3*z + 4. Calculate x(5).
19
Let x(v) = -v**3 - 3*v**2 + 21*v - 6. Give x(3).
3
Let d(l) = 3*l**3 - 63*l**2 + l - 47. Give d(21).
-26
Let g(r) = r**3 + r**2 - r - 57. Give g(0).
-57
Let r(m) = -m**3 - 33*m**2 - 1. Calculate r(-33).
-1
Let d(o) = -o**3 + 7*o**2 + 14*o - 10. Calculate d(9).
-46
Let v(j) = -3*j - 16. Give v(9).
-43
Let m(u) = 4*u - 1. Calculate m(2).
7
Let u(h) = 3*h**2 + 47*h + 18. Calculate u(-15).
-12
Let h(b) = 16*b - 6. What is h(2)?
26
Let l(f) = -f**2 - 6*f + 2. What is l(-7)?
-5
Let v(m) = 17*m - 19. Determine v(4).
49
Let g(k) = -k**3 + 2*k**2 + 5*k - 6. Determine g(0).
-6
Let f(v) = v**2 + 5*v + 1. Determine f(-4).
-3
Let n(o) = o**3 - 4*o**2 - 5*o - 1. Determine n(5).
-1
Let o(t) = -t**2 + 8*t + 6. Calculate o(7).
13
Let a(s) = s**3 - 2*s**2 - s - 7. What is a(3)?
-1
Let v(y) = 34*y + 442. Give v(-13).
0
Let h(a) = -a**3 + 3*a**2 + 2*a - 1. Give h(2).
7
Let w(p) = -5*p - 1. Calculate w(-5).
24
Let v(q) = -q**3 - q**2 + 3*q + 1. Give v(-3).
10
Let t(h) = -h**3 + 5*h**2 - 2*h + 11. Determine t(5).
1
Let q(l) = l**2 - 13*l + 31. Determine q(7).
-11
Let b(r) = -8*r - 5. Determine b(-6).
43
Let n(m) = -m**2 - 7*m + 24. Give n(4).
-20
Let n(z) = -z**2 + 10*z - 10. Determine n(7).
11
Let w(p) = -p**2 - 16*p - 65. Give w(-9).
-2
Let h(l) = -l**2 - 18*l - 16. Determine h(-15).
29
Let o(t) = 50*t**2. What is o(1)?
50
Let b(k) = 5*k**2 - 4*k + 3. What is b(2)?
15
Let p(x) = -x**3 + 5*x**2 - x + 1. What is p(4)?
13
Let r(f) = -7*f**3. Give r(-1).
7
Let q(t) = 73*t**2 + 295*t + 13. Calculate q(-4).
1
Let j(u) = u**2 + 14*u - 43. Give j(-18).
29
Let j(p) = -2*p**2 - 15*p - 24. Calculate j(-2).
-2
Let t(x) = -x**3 - 16*x**2 + 5. Determine t(-16).
5
Let d(m) = m**3 - 18*m**2 + 18*m + 1. Give d(17).
18
Let u(r) = -r**2 - 6*r - 5. Calculate u(-6).
-5
Let c(m) = 2*m**2 + 28*m + 39. Determine c(-12).
-9
Let f(g) = -g**2 + 13*g + 7. Give f(14).
-7
Let u(k) = k**3 + 46*k**2 + 46*k + 60. What is u(-45)?
15
Let h(z) = -3*z + 40. Determine h(10).
10
Let j(l) = -24*l - 857. Calculate j(-36).
7
Let b(t) = t**3 - 5*t**2 - t - 4. Give b(6).
26
Let q(d) = d**3 + 20*d**2 - 46*d - 50. Calculate q(-22).
-6
Let q(r) = -2*r**2 + 6*r + 2. Calculate q(3).
2
Let x(g) = -3*g - 12. What is x(8)?
-36
Let h(j) = -31*j**2 - j - 2. Calculate h(-1).
-32
Let g(u) = u**3 - 10*u**2 - 37*u - 20. What is g(13)?
6
Let g(x) = x - 5. Calculate g(-9).
-14
Let v(u) = -u**2 - 8*u - 2. Calculate v(-9).
-11
Let f(x) = 2*x**2 + 77*x + 33. Determine f(-38).
-5
Let i(n) = -n**2 + 3*n + 3. Determine i(4).
-1
Let w(j) = -6*j**2 + 131*j + 11. What is w(22)?
-11
Let d(b) = 20*b**3 - b**2 + 1. What is d(1)?
20
Let j(r) = -r**3 - 3*r**2 + 9*r - 5. Determine j(-6).
49
Let a(z) = -2*z**2 + 2*z + 8. Determine a(5).
-32
Let y(c) = -4*c - 7. Calculate y(-6).
17
Let z(a) = -a - 9. Calculate z(-7).
-2
Let h(z) = 38*z - 5. What is h(2)?
71
Let q(p) = -p**3 - p**2 + 3*p + 2. Calculate q(-3).
11
Let c(i) = -i - 3. What is c(4)?
-7
Let c(n) = -9*n + 9. Determine c(3).
-18
Let g(c) = -c**2 + 18*c - 28. Determine g(2).
4
Let i(z) = -z**3 - 6*z**2 - 3*z - 10. Calculate i(-7).
60
Let y(z) = z**3 - 7*z**2 - 8*z - 2. What is y(4)?
-82
Let b(t) = -21*t - 48. Give b(-3).
15
Let q(a) = -4*a - 113. Give q(-29).
3
Let a(v) = v**3 + 9*v**2 + 3*v + 30. What is a(-9)?
3
Let h(x) = x**3 - 3*x**2 - 6*x - 3. Calculate h(5).
17
Let w(n) = 2*n**3 + 5*n**2 + 9*n + 17. Determine w(-3).
-19
Let n(p) = -p**2 - p + 84. What is n(-8)?
28
Let c(l) = -l**3 + 16*l**2 + 41*l - 79. What is c(18)?
11
Let f(q) = -q**2 - 27*q + 23. Calculate f(-25).
73
Let p(m) = -7*m**2 - 78*m - 11. Determine p(-11).
0
Let u(y) = -3*y + 10. Give u(4).
-2
Let d(s) = -3*s - 18. Give d(-6).
0
Let b(y) = 9*y + 84. What is b(-9)?
3
Let o(a) = -a**3 + 4*a**2 - a + 5. Determine o(4).
1
Let b(q) = -77*q**2 - 4*q + 3. Calculate b(1).
-78
Let i(s) = -5*s - 7. Calculate i(0).
-7
Let h(n) = -2*n**2 + 27*n + 8. Determine h(12).
44
Let d(v) = -11*v**2 + 4*v + 3. What is d(-2)?
-49
Let t(n) = 8*n - 1. Determine t(4).
31
Let w(k) = k + 1. What is w(-4)?
-3
Let w(i) = 38*i - 68. Determine w(2).
8
Let m(p) = p**2 + 18*p + 13. Determine m(-13).
-52
Let v(d) = 3*d + 2. Calculate v(-2).
-4
Let s(a) = -a**2 - 29*a - 15. What is s(-28)?
13
Let a(i) = -i**3 - 27*i**2 + 30*i + 61. Determine a(-28).
5
Let n(h) = -8*h - 30. Calculate n(-4).
2
Let v(l) = l**2 - 10*l + 9. Determine v(11).
20
Let p(r) = -2*r**3 - 13*r**2 - 3*r + 12. What is p(-6)?
-6
Let c(t) = -t**3 + 7*t**2 - 2*t - 14. What is c(8)?
-94
Let f(l) = l - 18. What is f(-13)?
-31
Let h(m) = m**3 + m - 40. Give h(0).
-40
Let w(k) = -8*k**3 + 2*k**2 - 3*k + 2. Give w(1).
-7
Let b(m) = -42*m + 243. Determine b(6).
-9
Let t(g) = -g**2 + 11*g - 18. Determine t(2).
0
Let a(b) = b**3 + 4*b**2 + 7*b + 9. What is a(-2)?
3
Let g(u) = u**3 - 15*u**2 - 17*u + 22. Give g(16).
6
Let d(i) = i**2 - 13*i + 12. Give d(1).
0
Let k(l) = -l**2 - 4*l + 9. Determine k(6).
-51
Let t(l) = l**2 - 9*l + 13. What is t(9)?
13
Let d(h) = 3*h**3 - 3*h**2 - 12*h. Determine d(4).
96
Let h(w) = -w**3 - 4*w**2 + 4*w + 15. What is h(-3)?
-6
Let u(n) = n**3 - 11*n**2 + 4*n + 20. Calculate u(10).
-40
Let o(i) = -i**3 - 11*i**2 - 8*i + 18. Determine o(-10).
-2
Let h(u) = -u**3 - 8*u**2 + 3*u - 2. Give h(-8).
-26
Let n(d) = -d**3 + 8*d**2 - 2*d + 12. Give n(8).
-4
Let u(k) = k**2 + 5*k - 8. What is u(-4)?
-12
Let o(t) = -225*t + 1127. What is o(5)?
2
Let i(k) = k**3 + 3*k**2 - 16*k - 50. Calculate i(-4).
-2
Let t(z) = -z**2 + 11*z - 18. What is t(14)?
-60
Let q(m) = 2*m**2 + 21*m - 5. What is q(-11)?
6
Let g(k) = -k**2 + 10*k + 6. Calculate g(10).
6
Let u(l) = l - 5. Give u(-5).
-10
Let f(a) = -a**3 - 6*a**2 - 2*a + 2. Calculate f(-5).
-13
Let v(f) = -f**2 